{"articles":[{"classes":["outercol"],"isFavourite":false,"isExternalUrl":{"articleLink":false},"articleListButtonsData":{"buttonsList":[{"label":"Les mer","url":"\/utgivelser\/Farvel-til-krumkakene","type":"readmore"}],"mode":"default"},"favouriteType":null,"mnu":null,"section":null,"displayId":true,"docId":56,"identifier":"56Article","docType":"Article","customDate":false,"teaserData":{"teaserText":"Farvel til krumkakene","mode":"default"},"content":{"teaser":"Farvel til krumkakene","intro":""},"titles":{"main":"Ny bok ute n\u00e5","readMoreButton":"Les mer"},"urls":{"readMore":"\/utgivelser\/Farvel-til-krumkakene","booking":null},"created":{"date":"24.03.2020","time":"16:07","timestamp":1585062420},"introAllowHtml":false,"hasTicket":false,"extra":null,"hasReadMore":true,"media":{"imageData":{"path":"\/sites\/e\/eidem-forlag.no\/files\/krumkakebilde240320.jpg","width":522,"height":816,"aspectRatio":0.6397058823529411},"previewImageUrl":"\/sites\/e\/eidem-forlag.no\/files\/krumkakebilde240320.jpg?cropToFit=100x200&quality=50","imageVariants":[{"path":"\/sites\/e\/eidem-forlag.no\/files\/krumkakebilde240320.jpg?cropToFit=100x200&quality=75","width":100,"height":200,"aspectRatio":0.5},{"path":"\/sites\/e\/eidem-forlag.no\/files\/krumkakebilde240320.jpg?cropToFit=200x400&quality=75","width":200,"height":400,"aspectRatio":0.5},{"path":"\/sites\/e\/eidem-forlag.no\/files\/krumkakebilde240320.jpg?cropToFit=400x800&quality=75","width":400,"height":800,"aspectRatio":0.5},{"path":"\/sites\/e\/eidem-forlag.no\/files\/krumkakebilde240320.jpg?cropToFit=600x1200&quality=75","width":408,"height":816,"aspectRatio":0.5},{"path":"\/sites\/e\/eidem-forlag.no\/files\/krumkakebilde240320.jpg?cropToFit=800x1600&quality=75","width":408,"height":816,"aspectRatio":0.5},{"path":"\/sites\/e\/eidem-forlag.no\/files\/krumkakebilde240320.jpg?cropToFit=1000x2000&quality=75","width":408,"height":816,"aspectRatio":0.5},{"path":"\/sites\/e\/eidem-forlag.no\/files\/krumkakebilde240320.jpg?cropToFit=1200x2400&quality=75","width":408,"height":816,"aspectRatio":0.5}],"image":"\/sites\/e\/eidem-forlag.no\/files\/krumkakebilde240320.jpg","aspect":0.5,"type":"image","description":null},"additionalData":[]},{"classes":["outercol"],"isFavourite":false,"isExternalUrl":{"articleLink":false},"articleListButtonsData":{"buttonsList":[{"label":"Les mer","url":"\/utgivelser\/alt-det-vi-ikke-ser-krimnoveller","type":"readmore"}],"mode":"default"},"favouriteType":null,"mnu":null,"section":null,"displayId":true,"docId":20,"identifier":"20Article","docType":"Article","customDate":false,"teaserData":{"teaserText":"utgitt november 2018","mode":"default"},"content":{"teaser":"utgitt november 2018","intro":"Kan vi ta valg i livet som f\u00e5r grusomme konsekvenser for oss selv og andre, og hva baserer vi valgene v\u00e5re p\u00e5?"},"titles":{"main":"Alt det vi ikke ser","readMoreButton":"Les mer"},"urls":{"readMore":"\/utgivelser\/alt-det-vi-ikke-ser-krimnoveller","booking":null},"created":{"date":"09.04.2018","time":"11:52","timestamp":1523267520},"introAllowHtml":false,"hasTicket":false,"extra":null,"hasReadMore":true,"media":{"imageData":{"path":"\/sites\/e\/eidem-forlag.no\/files\/eidem_mockup3.png","width":2500,"height":1800,"aspectRatio":1.3888888888888888},"previewImageUrl":"\/sites\/e\/eidem-forlag.no\/files\/eidem_mockup3.png?cropToFit=100x200&quality=50","imageVariants":[{"path":"\/sites\/e\/eidem-forlag.no\/files\/eidem_mockup3.png?cropToFit=100x200&quality=75","width":100,"height":200,"aspectRatio":0.5},{"path":"\/sites\/e\/eidem-forlag.no\/files\/eidem_mockup3.png?cropToFit=200x400&quality=75","width":200,"height":400,"aspectRatio":0.5},{"path":"\/sites\/e\/eidem-forlag.no\/files\/eidem_mockup3.png?cropToFit=400x800&quality=75","width":400,"height":800,"aspectRatio":0.5},{"path":"\/sites\/e\/eidem-forlag.no\/files\/eidem_mockup3.png?cropToFit=600x1200&quality=75","width":600,"height":1200,"aspectRatio":0.5},{"path":"\/sites\/e\/eidem-forlag.no\/files\/eidem_mockup3.png?cropToFit=800x1600&quality=75","width":800,"height":1600,"aspectRatio":0.5},{"path":"\/sites\/e\/eidem-forlag.no\/files\/eidem_mockup3.png?cropToFit=1000x2000&quality=75","width":900,"height":1800,"aspectRatio":0.5},{"path":"\/sites\/e\/eidem-forlag.no\/files\/eidem_mockup3.png?cropToFit=1200x2400&quality=75","width":900,"height":1800,"aspectRatio":0.5}],"image":"\/sites\/e\/eidem-forlag.no\/files\/eidem_mockup3.png","aspect":0.5,"type":"image","description":null},"additionalData":[]},{"classes":["outercol"],"isFavourite":false,"isExternalUrl":{"articleLink":false},"articleListButtonsData":{"buttonsList":[{"label":"Les mer","url":"\/utgivelser\/l\u00f8vhytta-noveller","type":"readmore"}],"mode":"default"},"favouriteType":null,"mnu":null,"section":null,"displayId":true,"docId":19,"identifier":"19Article","docType":"Article","customDate":false,"teaserData":{"teaserText":"Noveller","mode":"default"},"content":{"teaser":"Noveller","intro":"En novellesamling utgitt i 2015. (Utgitt p\u00e5 annet forlag)"},"titles":{"main":"L\u00f8vhytta","readMoreButton":"Les mer"},"urls":{"readMore":"\/utgivelser\/l\u00f8vhytta-noveller","booking":null},"created":{"date":"09.04.2018","time":"11:40","timestamp":1523266800},"introAllowHtml":false,"hasTicket":false,"extra":null,"hasReadMore":true,"media":{"imageData":{"path":"\/sites\/e\/eidem-forlag.no\/files\/img_6817rev.jpg","width":1550,"height":946,"aspectRatio":1.6384778012684988},"previewImageUrl":"\/sites\/e\/eidem-forlag.no\/files\/img_6817rev.jpg?cropToFit=100x200&quality=50","imageVariants":[{"path":"\/sites\/e\/eidem-forlag.no\/files\/img_6817rev.jpg?cropToFit=100x200&quality=75","width":100,"height":200,"aspectRatio":0.5},{"path":"\/sites\/e\/eidem-forlag.no\/files\/img_6817rev.jpg?cropToFit=200x400&quality=75","width":200,"height":400,"aspectRatio":0.5},{"path":"\/sites\/e\/eidem-forlag.no\/files\/img_6817rev.jpg?cropToFit=400x800&quality=75","width":400,"height":800,"aspectRatio":0.5},{"path":"\/sites\/e\/eidem-forlag.no\/files\/img_6817rev.jpg?cropToFit=600x1200&quality=75","width":473,"height":946,"aspectRatio":0.5},{"path":"\/sites\/e\/eidem-forlag.no\/files\/img_6817rev.jpg?cropToFit=800x1600&quality=75","width":473,"height":946,"aspectRatio":0.5},{"path":"\/sites\/e\/eidem-forlag.no\/files\/img_6817rev.jpg?cropToFit=1000x2000&quality=75","width":473,"height":946,"aspectRatio":0.5},{"path":"\/sites\/e\/eidem-forlag.no\/files\/img_6817rev.jpg?cropToFit=1200x2400&quality=75","width":473,"height":946,"aspectRatio":0.5}],"image":"\/sites\/e\/eidem-forlag.no\/files\/img_6817rev.jpg","aspect":0.5,"type":"image","description":"L\u00f8vhytta Noveller av Mona Helene Eidem"},"additionalData":[]},{"classes":["outercol"],"isFavourite":false,"isExternalUrl":{"articleLink":false},"articleListButtonsData":{"buttonsList":[{"label":"Les mer","url":"\/utgivelser\/trailersj\u00e5f\u00f8ren-novelle","type":"readmore"}],"mode":"default"},"favouriteType":null,"mnu":null,"section":null,"displayId":true,"docId":18,"identifier":"18Article","docType":"Article","customDate":false,"teaserData":{"teaserText":"krimnovelle","mode":"default"},"content":{"teaser":"krimnovelle","intro":"Krimnovelle publisert i Vi Menn "},"titles":{"main":"trailersj\u00e5f\u00f8ren","readMoreButton":"Les mer"},"urls":{"readMore":"\/utgivelser\/trailersj\u00e5f\u00f8ren-novelle","booking":null},"created":{"date":"09.04.2018","time":"11:31","timestamp":1523266260},"introAllowHtml":false,"hasTicket":false,"extra":null,"hasReadMore":true,"media":{"imageData":null,"previewImageUrl":"#","imageVariants":[{"path":"#","width":0,"height":0,"aspectRatio":1}],"image":"\/sites\/e\/eidem-forlag.no\/files\/faksimiletrailer.jpg","aspect":1,"type":"image","description":null},"additionalData":[]}],"pages":[1],"currentPage":1,"sections":[]}

Ny bok ute nå

Kan vi ta valg i livet som får grusomme konsekvenser for oss selv og andre, og hva baserer vi valgene våre på?

/utgivelser/løvhytta-noveller

En novellesamling utgitt i 2015. (Utgitt på annet forlag)

Løvhytta

Løvhytta Noveller av Mona Helene Eidem

/utgivelser/trailersjåføren-novelle

trailersjåføren
